tors of v(k)?
7
Let r be (-5)/(-25) - (-2)/(-10). Let t(m) = -3*m + r + 2*m + 23. What are the prime factors of t(0)?
23
Let z(h) = -36*h**3 + h**2 - 1. Let k be z(-1). Suppose 0 = -3*r - k + 249. What are the prime factors of r?
71
Let a(p) = p**2 + p - 77. List the prime factors of a(-13).
79
Let g(p) = p**3 - 8*p**2 + 4*p - 5. Let i be g(8). Let m be (8 + -2)*6/(-4). Let v = m + i. List the prime factors of v.
2, 3
Suppose 0 = 4*h + 8, -4*r + h = 4*h - 2874. Suppose 0 = -5*v + r + 360. List the prime factors of v.
2, 3
Let j = -450 + 641. Suppose 17 = -2*l + j. List the prime factors of l.
3, 29
Suppose -1138 = 6*v - 6568. List the prime factors of v.
5, 181
Let n = -1202 + 1401. List the prime factors of n.
199
Suppose -4*d - 3*f - 3181 + 9921 = 0, 3*d = -4*f + 5055. What are the prime factors of d?
5, 337
What are the prime factors of 5471 - -1 - (-22 + 28)?
2, 3, 911
Suppose 3*g - 1999 = -4*p - 2*g, 3*p + 3*g - 1503 = 0. List the prime factors of p.
2, 11, 23
Suppose -3*s = -3*z + 30, -z - z = -3*s - 25. Suppose 81 - 1 = z*y - 2*b, 80 = 5*y + 2*b. What are the prime factors of y?
2
Let m(j) = -7*j**3 - 3*j**2 + 8*j - 1. List the prime factors of m(-6).
5, 271
Let d(l) = -6*l**3 + 6*l**2 + 42*l + 35. What are the prime factors of d(-9)?
4517
Suppose 2*n + 3*i = 9, -5*n + 17 + 19 = 3*i. Suppose -13*x = -n*x - 188. List the prime factors of x.
47
Let y = 11 - 5. Let k(d) = 3 + 8*d - 4*d**2 + 3*d**2 + 5. List the prime factors of k(y).
2, 5
Suppose 2*v - 6404 = 4*a, 3*v - 9313 - 293 = -3*a. List the prime factors of v.
2, 1601
Let s(l) = l**2 + 9*l + 4. Let j be s(-7). Let g = 22 - j. What are the prime factors of g?
2
Suppose t + 18 = 3*h - 13, 5*h - 61 = 4*t. Suppose -h*f - 2*f = -33. List the prime factors of f.
3
Let i = 90 - 129. Let k be -3 + (314 - -2)/4. Let p = i + k. What are the prime factors of p?
37
Suppose 2*y - 6 = h, 4*h = -2*y - y + 20. Let b(l) = l + h - 4*l + 2*l. List the prime factors of b(-8).
2, 5
Let k(y) be the second derivative of -y**5/20 - y**4/6 - y**3/6 - 2*y**2 - 5*y. Let g be k(-3). List the prime factors of 108/g + 2/(-4).
13
Let d(c) = c**3 - 2*c**2 - 4*c + 1. Let p be d(3). Let t be 10/(-8)*-2*p. Let y(z) = -z**2 - 9*z - 4. List the prime factors of y(t).
2
Suppose 8*h + 7 = -9. Let r(u) = -14*u**3 - u**2 + u + 2. List the prime factors of r(h).
2, 3
Let j = -32 + 125. Suppose -2*a = x - 2, 3*a + x - 2*x + 2 = 0. Suppose a*y + 3*y = j. List the prime factors of y.
31
Let q(g) = 2*g - 11. Let h(r) = -r**2 + 11*r - 10. Let o be h(9). Let n be q(o). Suppose -60 = 3*v - n*v. List the prime factors of v.
2, 3, 5
Suppose 3*l + h + 12 = 0, 0 = -5*l - h + 10 - 30. Let o(c) = -9*c + 24. What are the prime factors of o(l)?
2, 3, 5
Suppose w + 2 = 2*w. Suppose -l = w*a - 38, -55 + 17 = -l + 2*a. Suppose 2*n = -2*c + 30, -7*n + 3*n + l = 2*c. List the prime factors of c.
11
Let n = -43 + 2019. List the prime factors of n.
2, 13, 19
Suppose 0*v + 36 = -4*k + v, 3*k + 14 = 4*v. Let c(w) = w**3 + 10*w**2 - 8*w + 17. List the prime factors of c(k).
97
Suppose -3*s = 5*l - 8*s + 25, 0 = -5*l - 3*s + 15. Suppose -5*o + 2*u - 45 = l, 5*u - 40 + 4 = 4*o. Let n = o - -12. List the prime factors of n.
3
Let i be 0/(-1) - (-10)/5. Suppose -2*q + 1 = -q, 50 = t - i*q. What are the prime factors of t?
2, 13
Let f be 99/(-3 - 8/(-4)). Let g be f/(-27) + 2/(-3). Let v(n) = 6*n + 3. List the prime factors of v(g).
3, 7
Let u be ((-4)/4)/3*-9. Suppose u*i = i + 90. What are the prime factors of i?
3, 5
Suppose 0 = -27*a + 6901 + 4601. What are the prime factors of a?
2, 3, 71
Suppose 0 = 2*m - 19 - 61. Suppose -4*z + 5*t - 32 = -2*z, 3*z = -2*t - 10. Let p = m + z. What are the prime factors of p?
2, 17
Let m(c) = 4 - c**3 + 6*c**2 + 3 + 4 - c. What are the prime factors of m(5)?
31
Let n = -480 - -951. What are the prime factors of n?
3, 157
Suppose -7*d + 34 = -246. Let h(o) = 3*o**3 + o**2 + o - 1. Let n be h(-2). Let c = d + n. List the prime factors of c.
17
Let f = 47 + -44. Suppose -75 = -3*j + f*b, j - 4*j + 71 = -2*b. What are the prime factors of j?
3, 7
Let a(r) = -7*r + 5*r + r**2 - 3 + 0*r**2. Let p be (2/(-3))/((-4)/(-12)). What are the prime factors of a(p)?
5
Let b(c) = c**3 - c**2 - c + 259. List the prime factors of b(0).
7, 37
Suppose 0 = -3*v + 3 + 6. Suppose -v*p - 20 = -4*h, 0*p = -2*h + 2*p + 10. Suppose 0 = 2*x + 2, 2 = -4*t + h*x + 23. What are the prime factors of t?
2
Suppose 5*y = 1 + 24. Suppose -z = y*m - 364, -35 = -m + z + 33. List the prime factors of m.
2, 3
Let p(m) = -5*m - 5. Let z = 16 + -27. Let t be p(z). Suppose 5*g + 4*y - 15 - 26 = 0, 5*g = 5*y + t. What are the prime factors of g?
3
List the prime factors of (852/10)/(-22 - 1904/(-85)).
3, 71
Let f(a) = -a**3 + 18*a**2 - 19*a + 20. Let o be f(17). Let t(s) = 2*s + 2. Let d be t(o). Let b = -20 - d. List the prime factors of b.
2, 3
Suppose 0 = -2*b + 4*n + 22, -b + n + 13 = b. Suppose 2*q - 5*c + 76 = 0, -b*c - 56 + 18 = q. What are the prime factors of q/(-6) - 16/(-24)?
7
Let v(f) = -f**3 - 20*f**2 + 14*f + 51. What are the prime factors of v(-21)?
2, 3, 11
Let z(l) = -2*l**3 + 55*l**2 + 49*l - 125. List the prime factors of z(28).
463
Let c be 13/11 - (-4)/(-22). Let r be 1/(-3)*(-39)/c. Suppose 5*d - 37 - r = 0. What are the prime factors of d?
2, 5
Suppose -5*a + 5*n = -1770, -5*n = -0*n + 25. List the prime factors of a.
349
Let k = 1244 + -605. List the prime factors of k.
3, 71
Let b be 2 + 0*3/15. Suppose -f + 2*o + 73 - 17 = 0, -b*o = 0. What are the prime factors of f?
2, 7
Let s = 116 + 352. What are the prime factors of s?
2, 3, 13
Suppose 3*r = 2*f - 4, -5*r + 10*r - f = 5. Suppose 3*z - 8 = -r. Suppose -z = u - 15. What are the prime factors of u?
13
Let f(o) = 5*o**2 + 17. Let g be ((-6)/3)/(7/(-5) - -1). List the prime factors of f(g).
2, 71
Let w(j) = -j**3 + 4*j - 3. Suppose -147 = -3*u - 4*u. Let g = -25 + u. What are the prime factors of w(g)?
3, 5
Let q(l) = 3*l**2 - 7*l + 18. What are the prime factors of q(15)?
2, 3, 7
Let l = -23 + 39. Let z be 72/l - 6/4. Suppose z*i - 25 = 44. List the prime factors of i.
23
Suppose 5*a + 42 = 12*a. What are the prime factors of (6*1)/((2 + a)/144)?
2, 3
What are the prime factors of 65*8/60*21?
2, 7, 13
Let n(l) = -34*l**2 + 60*l - 64. Let z(b) = -7*b**2 + 12*b - 13. Let y(w) = -3*n(w) + 14*z(w). What are the prime factors of y(6)?
2, 41
Let z be (-1 + -22)/((-22)/(-242)). List the prime factors of (-1 - z) + 3 + 2.
257
Let v be 10/1*(-2)/4. Let j(x) = x**2 - 4*x + 11. What are the prime factors of j(v)?
2, 7
Let g(y) = -7*y**3 + 3*y**2 + 5*y + 34. List the prime factors of g(-4).
2, 3, 5, 17
Let r = -69 + 99. Suppose 3*b = -r + 237. Suppose 0 = -4*h + 31 + b. List the prime factors of h.
5
Let k = 135 + -131. Let b(m) = -2*m**2 + 3*m + 7*m**2 - m**3 - 5 + 0*m**2. What are the prime factors of b(k)?
23
Let m = 55 + 5. Suppose m + 459 = 3*f. List the prime factors of f.
173
Let s(g) = -52*g - 13. Let f be s(-7). Suppose 4*d - f = -7. Let n = d - 51. List the prime factors of n.
5, 7
Let h = 7 + 11. Suppose -5*d = -133 + h. List the prime factors of d.
23
Let j(z) = z**3 + 6*z**2 - z - 2. Let w be j(-6). Suppose -12 = 2*b - 2*l, 0 = l + w*l. Let d = 20 + b. List the prime factors of d.
2, 7
Let l(v) = -20*v - 18*v + 40*v + 38. What are the prime factors of l(-18)?
2
Let z(w) = 6 - 9*w - 5*w**2 - 6*w + 5 + 4*w**2. List the prime factors of z(-14).
5
Let o = -11 - 81. Let z = -30 - o. What are the prime factors of z?
2, 31
Let r(w) = 5*w - 4. Let z be r(5). Let k = z - 10. Suppose k*l - 114 = 9*l. List the prime factors of l.
3, 19
Suppose -2640 = -3*y - 3*r, 1597 = 2*y - 3*r - 188. List the prime factors of y.
3, 5, 59
Let u(v) = -415*v - 167. What are the prime factors of u(-4)?
1493
Suppose 21*n - 19*n - 112 = 0. Suppose -2*w - 12 = -2*v + n, -3*w + 26 = v. What are the prime factors of v?
2
Suppose -5*i = -8*i + 6. Suppose -i*c = -c - 95. Let r = c - 65. List the prime factors of r.
2, 3, 5
Suppose -3*m + 13 = -4*m. Suppose 6*j - 17 = 169. Let b = m + j. What are the prime factors of b?
2, 3
Suppose -3*x + 735 = -5*k, -2*x + 6*k + 489 = 3*k. Let f = -96 + x. List the prime factors of f.
2, 3
Let s(r) = r**2 - 7*r - 2. Let h be s(6). Let a(n) = -2*n + 18. List the prime factors